ime?
False
Is 54986669 composite?
False
Is 704339299 composite?
False
Is 247474697 prime?
True
Is 437411 prime?
False
Is 773063 prime?
True
Is 26249 a composite number?
False
Is 36750713 prime?
True
Is 4911311 a composite number?
False
Is 6339019 composite?
True
Is 1953911 a composite number?
False
Is 3312053 composite?
False
Is 459883 a prime number?
True
Is 81156313 a composite number?
True
Is 83305993 composite?
False
Is 1485493 prime?
False
Is 843945101 a prime number?
False
Is 7917713 prime?
False
Is 2053837 composite?
False
Is 355663181 prime?
False
Is 23966693 composite?
False
Is 136765957 composite?
False
Is 613234459 composite?
False
Is 31771589 prime?
False
Is 4125767 a composite number?
False
Is 4702079 a prime number?
True
Is 11424793 composite?
True
Is 19633891 composite?
False
Is 495593601 composite?
True
Is 2150621 a composite number?
True
Is 2690447 a prime number?
False
Is 17697671 prime?
True
Is 856831 a prime number?
True
Is 487008713 a prime number?
True
Is 49220867 a prime number?
True
Is 31612199 a prime number?
True
Is 17895197 a prime number?
True
Is 540294485 composite?
True
Is 37098179 composite?
False
Is 869654861 composite?
False
Is 69038113 composite?
False
Is 80243 a prime number?
False
Is 126079 prime?
True
Is 27737491 a composite number?
True
Is 49822513 prime?
False
Is 12935203 prime?
True
Is 758996197 a composite number?
True
Is 5067079 a composite number?
False
Is 15167939 prime?
True
Is 3647107 composite?
True
Is 853063 a prime number?
False
Is 703943 a prime number?
True
Is 63801193 a prime number?
False
Is 4369891 prime?
True
Is 14654219 prime?
False
Is 11562937 prime?
False
Is 67831 a prime number?
False
Is 2910731 a prime number?
True
Is 1274957 a prime number?
False
Is 15955087 composite?
False
Is 70739 a prime number?
False
Is 3273002 a composite number?
True
Is 48960073 prime?
True
Is 8000533 a composite number?
False
Is 130515367 prime?
True
Is 39518509 prime?
True
Is 61080067 composite?
False
Is 24733 composite?
False
Is 10493213 a composite number?
True
Is 58402609 a prime number?
True
Is 2718059 composite?
False
Is 190387 a prime number?
True
Is 287549 prime?
True
Is 231033019 prime?
False
Is 450647707 a composite number?
True
Is 12122723 prime?
True
Is 88226165 composite?
True
Is 17803657 composite?
False
Is 55218571 prime?
True
Is 7046337 composite?
True
Is 459829 a prime number?
True
Is 1338593 prime?
False
Is 7727623 composite?
True
Is 126307 a prime number?
True
Is 11458847 composite?
False
Is 38340733 prime?
False
Is 1722089 composite?
False
Is 13123841 prime?
True
Is 95574701 a prime number?
True
Is 1125626 composite?
True
Is 32480779 a prime number?
True
Is 16813931 prime?
False
Is 33087337 a composite number?
True
Is 6162743 prime?
True
Is 119465557 a composite number?
True
Is 155053823 a composite number?
True
Is 17516327 composite?
False
Is 28298 prime?
False
Is 15692671 prime?
True
Is 817814789 a prime number?
False
Is 10135039 a prime number?
True
Is 511057 a prime number?
True
Is 83818111 a prime number?
False
Is 1426457 prime?
True
Is 1242542531 composite?
False
Is 114356893 a prime number?
False
Is 22093991 prime?
True
Is 4046587 prime?
True
Is 31722637 a composite number?
False
Is 13136003 composite?
False
Is 356995609 a prime number?
True
Is 3807841 a composite number?
True
Is 530729 a prime number?
False
Is 8231759 a composite number?
True
Is 10571615 a composite number?
True
Is 53375099 a prime number?
True
Is 31940707 a composite number?
False
Is 4765115 composite?
True
Is 5023417 prime?
False
Is 27041801 a prime number?
True
Is 287941 prime?
False
Is 2990747 a composite number?
True
Is 3476569 prime?
True
Is 555275957 prime?
False
Is 534883 a prime number?
True
Is 753523 composite?
True
Is 8179315 a composite number?
True
Is 3730817 a composite number?
False
Is 137490217 composite?
False
Is 79993 a prime number?
False
Is 5318177 a prime number?
False
Is 21547333 composite?
False
Is 4139533 a prime number?
True
Is 11978669 a prime number?
False
Is 33897023 composite?
False
Is 1147274 prime?
False
Is 3079591 a prime number?
False
Is 4767757 prime?
True
Is 19665869 composite?
False
Is 18823517 a prime number?
True
Is 4993613 composite?
False
Is 988483 prime?
True
Is 377537 a prime number?
True
Is 6767669 prime?
False
Is 70723537 composite?
False
Is 3325841 a composite number?
True
Is 226243711 prime?
True
Is 19257001 a prime number?
True
Is 39647297 composite?
False
Is 13307159 a prime number?
False
Is 364103 a prime number?
True
Is 28583431 a prime number?
False
Is 301123 composite?
False
Is 320488171 a prime number?
True
Is 6117731 a composite number?
True
Is 158309807 prime?
True
Is 13309471 a composite number?
True
Is 12282009 prime?
False
Is 53147 prime?
True
Is 147547193 a prime number?
True
Is 1363277 prime?
True
Is 97247401 composite?
True
Is 3465734 a composite number?
True
Is 993397 a composite number?
False
Is 22305571 a composite number?
True
Is 27086014 a prime number?
False
Is 61137203 composite?
False
Is 1668773 a composite number?
False
Is 174311299 prime?
False
Is 126833 composite?
True
Is 21544487 composite?
False
Is 1531657 prime?
True
Is 1046700919 a composite number?
True
Is 16188103 composite?
False
Is 726287791 a prime number?
False
Is 1304669 prime?
True
Is 3882311 a composite number?
False
Is 7827019 a prime number?
True
Is 48203137 a prime number?
True
Is 23199949 prime?
True
Is 2629003 prime?
False
Is 1941307 prime?
True
Is 125233837 a prime number?
True
Is 766487 a composite number?
False
Is 18915907 a prime number?
True
Is 77835491 a prime number?
False
Is 17529163 composite?
False
Is 14439 prime?
False
Is 16240591 composite?
False
Is 9767929 a composite number?
False
Is 46295983 composite?
False
Is 19602703 composite?
False
Is 5826811 composite?
False
Is 1105462 a prime number?
False
Is 947039 prime?
False
Is 1471397 composite?
False
Is 12209521 composite?
False
Is 18394039 prime?
False
Is 50396651 a composite number?
False
Is 868963 a prime number?
False
Is 234622523 a composite number?
False
Is 125385773 a prime number?
True
Is 473491 a prime number?
False
Is 75245347 prime?
True
Is 4116913 a prime number?
False
Is 20820229 composite?
True
Is 10424663 composite?
False
Is 8912461 a composite number?
True
Is 118652983 a composite number?
False
Is 20170391 a composite number?
False
Is 188804053 a prime number?
True
Is 4123193 composite?
True
Is 506575957 composite?
False
Is 23422067 composite?
True
Is 89684006 composite?
True
Is 13408331 composite?
False
Is 62910379 a prime number?
False
Is 5223761 composite?
True
Is 16380226 a composite number?
True
Is 10692415 composite?
True
Is 1824709 composite?
True
Is 8715809 prime?
False
Is 128743409 prime?
True
Is 5627393 prime?
True
Is 10726591 a prime number?
True
Is 343708327 a composite number?
True
Is 7724693 prime?
False
Is 11315849 composite?
True
Is 202790953 composite?
False
Is 222259 prime?
False
Is 150521963 a composite number?
False
Is 13229549 a prime number?
True
Is 164546909 a composite number?
True
Is 561689 prime?
False
Is 873627 prime?
False
Is 1165277 composite?
True
Is 14167303 a composite number?
False
Is 7519063 prime?
True
Is 26931607 a composite number?
True
Is 8516239 prime?
False
Is 1446763 composite?
True
Is 1643561 a prime number?
False
Is 26422237 prime?
True
Is 113327 a prime number?
True
Is 3668699 composite?
False
Is 1018943 prime?
False
Is 39133693 a composite number?
False
Is 7942243 prime?
True
Is 4547757 composite?
True
Is 124923341 a prime number?
True
Is 4306598 a prime number?
False
Is 2909479 prime?
False
Is 6332471 a prime number?
False
Is 297283193 composite?
False
Is 1575811 prime?
True
Is 184553 a composite number?
False
Is 139387 prime?
True
Is 1451095 a composite number?
True
Is 709403713 a prime number?
False
Is 38258747 prime?
False
Is 699549 prime?
False
Is 1555867 a composite number?
True
Is 19577693 prime?
False
Is 45796031 a prime number?
True
Is 16589533 prime?
True
Is 209936981 a prime number?
True
Is 35645537 prime?
False
Is 4498367 a prime number?
True
Is 24649763 composite?
True
Is 91953083 prime?
True
Is 2481259 composite?
True
Is 84354139 prime?
False
Is 545806169 a prime number?
False
Is 71321693 prime?
True
Is 32040227 prime?
False
Is 1916591 a